{"id":1979,"date":"2022-10-26T09:50:31","date_gmt":"2022-10-26T07:50:31","guid":{"rendered":"https:\/\/eruditego.fr\/?page_id=1979"},"modified":"2022-10-27T10:02:14","modified_gmt":"2022-10-27T08:02:14","slug":"theme-manager","status":"publish","type":"page","link":"http:\/\/eruditego.fr\/?page_id=1979","title":{"rendered":"Theme Manager"},"content":{"rendered":"\t\t<div data-elementor-type=\"wp-page\" data-elementor-id=\"1979\" class=\"elementor elementor-1979\">\n\t\t\t\t\t\t\t\t\t<section class=\"elementor-section elementor-top-section elementor-element elementor-element-bffc368 elementor-section-boxed elementor-section-height-default elementor-section-height-default\" data-id=\"bffc368\" data-element_type=\"section\">\n\t\t\t\t\t\t<div class=\"elementor-container elementor-column-gap-default\">\n\t\t\t\t\t<div class=\"elementor-column elementor-col-66 elementor-top-column elementor-element elementor-element-5916156\" data-id=\"5916156\" data-element_type=\"column\">\n\t\t\t<div class=\"elementor-widget-wrap elementor-element-populated\">\n\t\t\t\t\t\t\t\t<div class=\"elementor-element elementor-element-45fb3c2 elementor-widget elementor-widget-cust_heading generic-elements cust_heading\" data-id=\"45fb3c2\" data-element_type=\"widget\" data-settings=\"{&quot;designs&quot;:&quot;design_1&quot;}\" data-widget_type=\"cust_heading.default\">\n\t\t\t\t<div class=\"elementor-widget-container\">\n\t\t\t                                    <div class=\"bd-section__title common  p-relative z-index-11\">\r\n                                            <span class=\"bd-stroke__title\">THEME<\/span>\r\n                    \r\n                                            <strong class=\"bd-small__title common\">Web Part SharePoint<\/strong>\r\n                    \r\n                    <h2 class=\"elementor-inline-editing section-title bdevs-el-title  bdevs-el-btn elementor-inline-editing bd-big__title bdevs-el-title\" data-elementor-setting-key=\"title title\">Th\u00e8me Manager<\/h2>                <\/div>\r\n            \r\n        \r\n\t\t<\/div>\n\t\t\t\t<\/div>\n\t\t\t\t<div class=\"elementor-element elementor-element-3b1a7e8 elementor-widget elementor-widget-text-editor\" data-id=\"3b1a7e8\" data-element_type=\"widget\" data-widget_type=\"text-editor.default\">\n\t\t\t\t<div class=\"elementor-widget-container\">\n\t\t\t<style>\/*! elementor - v3.7.8 - 02-10-2022 *\/\n.elementor-widget-text-editor.elementor-drop-cap-view-stacked .elementor-drop-cap{background-color:#818a91;color:#fff}.elementor-widget-text-editor.elementor-drop-cap-view-framed .elementor-drop-cap{color:#818a91;border:3px solid;background-color:transparent}.elementor-widget-text-editor:not(.elementor-drop-cap-view-default) .elementor-drop-cap{margin-top:8px}.elementor-widget-text-editor:not(.elementor-drop-cap-view-default) .elementor-drop-cap-letter{width:1em;height:1em}.elementor-widget-text-editor .elementor-drop-cap{float:left;text-align:center;line-height:1;font-size:50px}.elementor-widget-text-editor .elementor-drop-cap-letter{display:inline-block}<\/style>\t\t\t\t<div><div>Le Theme manager est un petit composant pour l&rsquo;exp\u00e9rience moderne sur SharePoint qui permet aux propri\u00e9taires de sites de mettre \u00e0 jour et de personnaliser leur th\u00e8me de site pr\u00e9cis\u00e9ment. Cela vous permet de modifier le th\u00e8me, de le copier coller dans un autre site sans utiliser le syst\u00e8me de th\u00e8me du tenant.<\/div><div>\u00a0<\/div><div>Lorsque vous configurez le th\u00e8me du site, vous \u00eates limit\u00e9s dans le choix de couleurs et seulement deux couleurs sont modifiables (Primaire et accent). Le composant vous permet de d\u00e9finir toutes les couleurs existantes sur le site SharePoint pour qu&rsquo;elles correspondent aux couleurs de votre entreprise.<\/div><div>Lorsque vous configurez un th\u00e8me personnalis\u00e9, vous devez aussi utiliser une fonctionnalit\u00e9 de niveau Tenant, rendant votre th\u00e8me accessible \u00e0 tous les utilisateurs de la plateforme. Avec cet outil, vous pouvez d\u00e9finir votre th\u00e8me personnalis\u00e9 sur votre collection de sites sans action au niveau tenant.<\/div><\/div>\t\t\t\t\t\t<\/div>\n\t\t\t\t<\/div>\n\t\t\t\t\t<\/div>\n\t\t<\/div>\n\t\t\t\t<div class=\"elementor-column elementor-col-33 elementor-top-column elementor-element elementor-element-0db5119\" data-id=\"0db5119\" data-element_type=\"column\">\n\t\t\t<div class=\"elementor-widget-wrap elementor-element-populated\">\n\t\t\t\t\t\t\t\t<div class=\"elementor-element elementor-element-125720f elementor-widget elementor-widget-image\" data-id=\"125720f\" data-element_type=\"widget\" data-widget_type=\"image.default\">\n\t\t\t\t<div class=\"elementor-widget-container\">\n\t\t\t<style>\/*! elementor - v3.7.8 - 02-10-2022 *\/\n.elementor-widget-image{text-align:center}.elementor-widget-image a{display:inline-block}.elementor-widget-image a img[src$=\".svg\"]{width:48px}.elementor-widget-image img{vertical-align:middle;display:inline-block}<\/style>\t\t\t\t\t\t\t\t\t\t\t\t<img loading=\"lazy\" decoding=\"async\" width=\"640\" height=\"360\" src=\"http:\/\/eruditego.fr\/wp-content\/uploads\/2022\/10\/screen-big-1-1024x576.png\" class=\"attachment-large size-large\" alt=\"\" srcset=\"http:\/\/eruditego.fr\/wp-content\/uploads\/2022\/10\/screen-big-1-1024x576.png 1024w, http:\/\/eruditego.fr\/wp-content\/uploads\/2022\/10\/screen-big-1-300x169.png 300w, http:\/\/eruditego.fr\/wp-content\/uploads\/2022\/10\/screen-big-1-768x432.png 768w, http:\/\/eruditego.fr\/wp-content\/uploads\/2022\/10\/screen-big-1.png 1366w\" sizes=\"auto, (max-width: 640px) 100vw, 640px\" \/>\t\t\t\t\t\t\t\t\t\t\t\t\t\t\t<\/div>\n\t\t\t\t<\/div>\n\t\t\t\t<div class=\"elementor-element elementor-element-0149b96 elementor-widget elementor-widget-cust-button generic-elements cust-button\" data-id=\"0149b96\" data-element_type=\"widget\" data-settings=\"{&quot;designs&quot;:&quot;design_1&quot;}\" data-widget_type=\"cust-button.default\">\n\t\t\t\t<div class=\"elementor-widget-container\">\n\t\t\t\r\n    \r\n        <div class=\"lv-gallery-action text-align\">\r\n                                    <a class=\"lv-theme-btn bdevs-el-btn\" href=\"https:\/\/appsource.microsoft.com\/en-us\/product\/office\/WA200004450?tab=Overview\">\r\n                            <span class=\"lv-theme-horizontal-line\"><\/span>\r\n                            <span class=\"lv-theme-vertical-line\"><\/span>\r\n                            <span>Acc\u00e9der au store<\/span>\r\n\r\n                            <i class=\"bdevs-btn-icon fas fa-angle-right\" aria-hidden=\"true\"><\/i>                        <\/a>\r\n                            <\/div>\r\n\r\n            \t\t<\/div>\n\t\t\t\t<\/div>\n\t\t\t\t<div class=\"elementor-element elementor-element-58bdd90 elementor-widget elementor-widget-cust-button generic-elements cust-button\" data-id=\"58bdd90\" data-element_type=\"widget\" data-settings=\"{&quot;designs&quot;:&quot;design_1&quot;}\" data-widget_type=\"cust-button.default\">\n\t\t\t\t<div class=\"elementor-widget-container\">\n\t\t\t\r\n    \r\n        <div class=\"lv-gallery-action text-align\">\r\n                                    <a class=\"lv-theme-btn bdevs-el-btn\" href=\"mailto:commerce@eruditego.fr\">\r\n                            <span class=\"lv-theme-horizontal-line\"><\/span>\r\n                            <span class=\"lv-theme-vertical-line\"><\/span>\r\n                            <span>Nous contacter<\/span>\r\n\r\n                            <i class=\"bdevs-btn-icon fas fa-angle-right\" aria-hidden=\"true\"><\/i>                        <\/a>\r\n                            <\/div>\r\n\r\n            \t\t<\/div>\n\t\t\t\t<\/div>\n\t\t\t\t<div class=\"elementor-element elementor-element-d733dfd elementor-widget elementor-widget-cust-button generic-elements cust-button\" data-id=\"d733dfd\" data-element_type=\"widget\" data-settings=\"{&quot;designs&quot;:&quot;design_1&quot;}\" data-widget_type=\"cust-button.default\">\n\t\t\t\t<div class=\"elementor-widget-container\">\n\t\t\t\r\n    \r\n        <div class=\"lv-gallery-action text-align\">\r\n                                    <a class=\"lv-theme-btn bdevs-el-btn\" href=\"https:\/\/eruditego.fr\/apps\/theme-manager\/UserDocumentation.pdf\">\r\n                            <span class=\"lv-theme-horizontal-line\"><\/span>\r\n                            <span class=\"lv-theme-vertical-line\"><\/span>\r\n                            <span>Documentation du produit<\/span>\r\n\r\n                            <i class=\"bdevs-btn-icon fas fa-angle-right\" aria-hidden=\"true\"><\/i>                        <\/a>\r\n                            <\/div>\r\n\r\n            \t\t<\/div>\n\t\t\t\t<\/div>\n\t\t\t\t<div class=\"elementor-element elementor-element-cebd86e elementor-widget elementor-widget-cust-button generic-elements cust-button\" data-id=\"cebd86e\" data-element_type=\"widget\" data-settings=\"{&quot;designs&quot;:&quot;design_1&quot;}\" data-widget_type=\"cust-button.default\">\n\t\t\t\t<div class=\"elementor-widget-container\">\n\t\t\t\r\n    \r\n        <div class=\"lv-gallery-action text-align\">\r\n                                    <a class=\"lv-theme-btn bdevs-el-btn\" href=\"mailto:support@eruditego.fr\">\r\n                            <span class=\"lv-theme-horizontal-line\"><\/span>\r\n                            <span class=\"lv-theme-vertical-line\"><\/span>\r\n                            <span>Contacter le support<\/span>\r\n\r\n                            <i class=\"bdevs-btn-icon fas fa-angle-right\" aria-hidden=\"true\"><\/i>                        <\/a>\r\n                            <\/div>\r\n\r\n            \t\t<\/div>\n\t\t\t\t<\/div>\n\t\t\t\t\t<\/div>\n\t\t<\/div>\n\t\t\t\t\t\t\t<\/div>\n\t\t<\/section>\n\t\t\t\t<section class=\"elementor-section elementor-top-section elementor-element elementor-element-3dfb84e elementor-section-boxed elementor-section-height-default elementor-section-height-default\" data-id=\"3dfb84e\" data-element_type=\"section\">\n\t\t\t\t\t\t<div class=\"elementor-container elementor-column-gap-default\">\n\t\t\t\t\t<div class=\"elementor-column elementor-col-100 elementor-top-column elementor-element elementor-element-b158a5c\" data-id=\"b158a5c\" data-element_type=\"column\">\n\t\t\t<div class=\"elementor-widget-wrap elementor-element-populated\">\n\t\t\t\t\t\t\t\t<div class=\"elementor-element elementor-element-ca3269a elementor-widget elementor-widget-cust-pricingtable generic-elements cust-pricingtable\" data-id=\"ca3269a\" data-element_type=\"widget\" data-settings=\"{&quot;designs&quot;:&quot;design_1&quot;}\" data-widget_type=\"cust-pricingtable.default\">\n\t\t\t\t<div class=\"elementor-widget-container\">\n\t\t\t\r\n\r\n        \r\n        <div class=\"row align-items-center g-0\">\r\n            <div class=\"col-xl-4 col-lg-4\">\r\n                <div class=\"bd-pricing-wrapper mb-30\">\r\n                    <div class=\"bd-singel-item\">\r\n                        <div class=\"bd-pricing-content\">\r\n                                                        <h3>Th\u00e8me Manager<\/h3>\r\n                            \r\n                                                        <p>Le Th\u00e8me manager est un composant qui permet aux propri\u00e9taires de sites de modifier leur th\u00e8me.<\/p>\r\n                                                    <\/div>\r\n                    <\/div>\r\n                <\/div>\r\n            <\/div>\r\n            <div class=\"col-xl-4 col-lg-4\">\r\n                <div class=\"bd-pricing-wrapper text-center mb-30\">\r\n                    <div class=\"bd-singel-item-2\">\r\n                        <div class=\"bd-pricing-content\">\r\n                                                        <h5>R\u00e9cup\u00e9rez-le gratuitement<\/h5>\r\n                                                        <div class=\"pricing-text\">\r\n                               <sub>&#128;<\/sub>\r\n                               <span>0<\/span>\r\n                            <\/div>\r\n\r\n                                                        <span class=\"cancel-text\">D\u00e9finitivement<\/span>\r\n                            \r\n                                                        <a class=\"elementor-inline-editing pricing-btn bdevs-el-btn\" data-elementor-setting-key=\"button_footer\" data-elementor-inline-editing-toolbar=\"none\" href=\"https:\/\/appsource.microsoft.com\/en-us\/product\/office\/WA200004450?tab=Overview\"><i class=\"fa-regular fa-basket-shopping\"><\/i>Store<\/a>\r\n                                                    <\/div>\r\n                    <\/div>\r\n                <\/div>\r\n            <\/div>\r\n            <div class=\"col-xl-4 col-lg-4\">\r\n                <div class=\"bd-pricing-wrapper mb-30\">\r\n                    <div class=\"bd-singel-item\">\r\n                        <div class=\"bd-pricing-content\">\r\n                            <div class=\"bd-pricing-list\">\r\n                                <ul>\r\n                                     \r\n                                                                        <li><i class=\"far fa-check\"><\/i>Gestion des couleurs de toutes les couleurs th\u00e8mes<\/li>\r\n                                                                         \r\n                                                                        <li><i class=\"far fa-check\"><\/i>Copier-coller d'un th\u00e8me d'un site vers un autre<\/li>\r\n                                                                         \r\n                                                                        <li><i class=\"far fa-check\"><\/i>N'impacte pas le tenant Microsoft 365<\/li>\r\n                                                                                                        <\/ul>\r\n                            <\/div>\r\n                        <\/div>\r\n                    <\/div>\r\n                <\/div>\r\n            <\/div>\r\n        <\/div>\r\n\r\n\r\n        \r\n        \t\t<\/div>\n\t\t\t\t<\/div>\n\t\t\t\t\t<\/div>\n\t\t<\/div>\n\t\t\t\t\t\t\t<\/div>\n\t\t<\/section>\n\t\t\t\t\t\t\t<\/div>\n\t\t","protected":false},"excerpt":{"rendered":"<p>THEME Web Part SharePoint Th\u00e8me Manager Le Theme manager est un petit composant pour l&rsquo;exp\u00e9rience moderne sur SharePoint qui permet aux propri\u00e9taires de sites de mettre \u00e0 jour et de personnaliser leur th\u00e8me de site pr\u00e9cis\u00e9ment. Cela vous permet de modifier le th\u00e8me, de le copier coller dans un autre site sans utiliser le syst\u00e8me [&hellip;]<\/p>\n","protected":false},"author":1,"featured_media":0,"parent":0,"menu_order":0,"comment_status":"closed","ping_status":"closed","template":"","meta":{"footnotes":""},"class_list":["post-1979","page","type-page","status-publish","hentry"],"_links":{"self":[{"href":"http:\/\/eruditego.fr\/index.php?rest_route=\/wp\/v2\/pages\/1979","targetHints":{"allow":["GET"]}}],"collection":[{"href":"http:\/\/eruditego.fr\/index.php?rest_route=\/wp\/v2\/pages"}],"about":[{"href":"http:\/\/eruditego.fr\/index.php?rest_route=\/wp\/v2\/types\/page"}],"author":[{"embeddable":true,"href":"http:\/\/eruditego.fr\/index.php?rest_route=\/wp\/v2\/users\/1"}],"replies":[{"embeddable":true,"href":"http:\/\/eruditego.fr\/index.php?rest_route=%2Fwp%2Fv2%2Fcomments&post=1979"}],"version-history":[{"count":19,"href":"http:\/\/eruditego.fr\/index.php?rest_route=\/wp\/v2\/pages\/1979\/revisions"}],"predecessor-version":[{"id":2019,"href":"http:\/\/eruditego.fr\/index.php?rest_route=\/wp\/v2\/pages\/1979\/revisions\/2019"}],"wp:attachment":[{"href":"http:\/\/eruditego.fr\/index.php?rest_route=%2Fwp%2Fv2%2Fmedia&parent=1979"}],"curies":[{"name":"wp","href":"https:\/\/api.w.org\/{rel}","templated":true}]}}